ose -f + 24 = -4*f + 4*u, -2*f - 3*u = 33. Let l = f - -27. What is the remainder when l is divided by 6?
3
Suppose j - w - 117 = 0, -2*j - 24*w + 19*w + 255 = 0. Suppose 116*v + 252 = j*v. What is the remainder when v is divided by 8/2*(0 + 8)?
31
Suppose 1814*k + 301 = 1821*k. What is the remainder when k is divided by 15?
13
Let s be (-3)/15 + (-1895)/25. Let k = 143 + s. Calculate the remainder when k is divided by 10.
7
Suppose 2*j = 4*m + 158, -7*j + 2*j - 2*m = -407. Suppose j = -2*r + 11*r. What is the remainder when 6/2*16/3 is divided by r?
7
Let t(y) = 92*y**2 - y - 5. What is the remainder when 158 is divided by t(1)?
72
Let s(d) = -4*d + 1. Let g(n) = -7*n - 17. Let l(p) = 23*p + 52. Let c(z) = -14*g(z) - 4*l(z). What is the remainder when s(-2) is divided by c(-4)?
3
Suppose -32*s - 25 = -37*s. Suppose 15*h = s*h + 200. Calculate the remainder when h is divided by 3.
2
Calculate the remainder when (-14)/(-2) + 45 - -1 is divided by 14.
11
Calculate the remainder when (-1 - -3)/(530/(-178) + 3) is divided by 10.
9
What is the remainder when (-3042)/(-27) - (20/6)/5 is divided by 17?
10
Suppose -84 + 35 = -7*u. Let n(z) = z + 7. Let m be n(-4). Suppose -g + 14 = -j - 5, m*g + 4*j = 57. Calculate the remainder when g is divided by u.
5
Suppose m = 2*m - 2*u + 4, -3*m = 2*u - 12. Calculate the remainder when ((-6)/3)/((-2)/10) is divided by m.
0
Let x(z) = -z**3 + 15*z**2 + 19*z - 4. Let o be x(16). Let c = 61 - o. Calculate the remainder when c is divided by ((-10)/(-3))/(2/6).
7
Let k = -18 + 24. Let z = 18 + k. Calculate the remainder when 119 is divided by z.
23
Let z(u) = -10*u - 6. Let w be z(3). Let n = -11 - -41. Calculate the remainder when 578/10 - (-2 + w/(-20)) is divided by n.
28
Let n(u) = u**3 - 23*u**2 + 44*u - 29. What is the remainder when 1025 is divided by n(21)?
11
Let w be 695/11 - 20/110. Suppose -4*r = -r - w. Calculate the remainder when r is divided by 8.
5
Let t = -21 - -31. Let q = 359 + -351. What is the remainder when (-1 - 4)*(-44)/t is divided by q?
6
Let v = -1058 - -1140. Calculate the remainder when v is divided by 19.
6
Let y be (-38)/(-4)*(7 + -3). Suppose 2*w + 4*o - y = 0, -8*o + 22 = w - 3*o. Calculate the remainder when w is divided by 11.
6
Suppose -16*i + 10 + 150 = 0. What is the remainder when i is divided by 4?
2
Suppose 6*y - f - 66 = 3*y, 2*f = -2*y + 52. Calculate the remainder when 92 is divided by y.
0
Calculate the remainder when 101 is divided by 615/12 - (-17)/(-68).
50
Let l = 166 + -288. Let h = -77 - l. Calculate the remainder when h is divided by 24.
21
Suppose 304 = 7*h - 165. Calculate the remainder when h is divided by 17.
16
Let m = 902 + -895. What is the remainder when 68 is divided by m?
5
Suppose -75 = -5*m + 245. What is the remainder when m is divided by -3 - (8/2 + -40)?
31
Let z = -1290 - -1323. Calculate the remainder when z is divided by 9.
6
Suppose -19 = 7*o + 16. What is the remainder when -20*((-87)/15 - o) is divided by (-50)/(-8) - 1/4?
4
Suppose 23 = 5*r - 3*s, 5*r - 25 = 2*s + 3*s. Suppose -2*v + 0*v = -3*p + 7, r*v - 5*p + 9 = 0. Calculate the remainder when 17 is divided by v.
1
Calculate the remainder when (-4833)/18*2/(-3) + 5 is divided by 94.
90
Suppose -3*a - 4*t = -750, 500 = 2*a - 142*t + 140*t. What is the remainder when a is divided by 21?
19
Let t(y) = 2*y**2 - 37*y + 223. Calculate the remainder when 355 is divided by t(15).
1
Suppose 0 = -9*z + 18*z + 72. Suppose -2*g + 0*g = -36. Calculate the remainder when ((-20)/(-3) - 3)*(1 - z) is divided by g.
15
Suppose z = -2*y + 45, 6 = y + z - 15. What is the remainder when 86 is divided by y?
14
Let c(r) = 12*r - 129. Calculate the remainder when 46 is divided by c(13).
19
Calculate the remainder when 121 is divided by (-1450)/(-50) + (-3)/2*-2.
25
Let h be (-222)/30 + 2/5. What is the remainder when (-2 - -7)/(h/(-56)) is divided by 16?
8
Let r(z) = 225*z - 779. What is the remainder when r(20) is divided by 28?
25
Let w be (-6)/(-27) - 129/(-27). Suppose -2*h - 15 = w*i + 7, -3*h - 46 = i. Let j = 1 - h. What is the remainder when j is divided by 7?
3
Let g = 57 - 31. Let m(x) = x**3 + 6*x**2 + 3*x. What is the remainder when g is divided by m(-5)?
6
Suppose -198 = -12*h + 9*h. Suppose -5*g = -h + 1. What is the remainder when 64 is divided by g?
12
Let a be -25*(-2 + 3 + -2). Let s be a*1 - (-12 - -13). Let n = s + -17. What is the remainder when 27 is divided by n?
6
Suppose 20*s = 37*s - 629. Calculate the remainder when s is divided by 7.
2
Suppose 5*m - 635 = u - 6*u, -5*u - 133 = -m. What is the remainder when m is divided by 26?
24
Suppose -d + 5 + 9 = 0. Let l = 6 + d. What is the remainder when 38 is divided by l?
18
Let h = 17376 + -17359. Suppose 2*b = -5*q + 3*b + 165, 0 = 3*b. What is the remainder when q is divided by h?
16
Suppose 5*w - 2982 = -12*v + 10*v, 0 = 5*v - 5. Calculate the remainder when w is divided by 20.
16
Suppose 84 = 5*u + 4*j, 5*u = -3*j + 61 + 22. Suppose u*q + 48 = 20*q. Calculate the remainder when 44 is divided by q.
8
Let f = -8314 + 8336. Let y(z) = 16*z + 1. Let q(v) = -32*v - 2. Let h(i) = -3*q(i) - 7*y(i). What is the remainder when h(-4) is divided by f?
19
Suppose -2*u - 114 = -2*r, 5*r + 41*u - 38*u - 285 = 0. Let m = -26 - -15. Let k = m - -26. What is the remainder when r is divided by k?
12
Let j = -2 - 2. Let w = 6 + j. Calculate the remainder when (0 - -15) + 0/w is divided by 8.
7
Let i = 31 - -1. Let k(v) = 15*v - 9. Let n(h) = 5*h - 3. Let o(c) = 6*k(c) - 17*n(c). What is the remainder when i is divided by o(4)?
15
Let b(n) = n**3 - n**2 + 12*n - 8. Let k be (-10)/(1 - -1)*10. Let p = k + 74. Calculate the remainder when b(3) is divided by p.
22
Let g(d) = -16*d + 4. Let q be g(-1). Calculate the remainder when 268/q + (-9)/(-15) is divided by 2.
0
Let u = 12 - 10. Let r = u - -4. Let q = 3 + r. What is the remainder when 24 is divided by q?
6
Let i(b) = b**3 + 17*b**2 + 8. Let p(s) = -18*s**2 + 2*s - 1. Let g be p(1). Calculate the remainder when 28 is divided by i(g).
4
Let y = -207 + 276. What is the remainder when y is divided by 37?
32
Suppose 2*c = -5*i - 14, 4*c + 0*i - 4 = -2*i. Suppose -c*s - 2*l = s - 170, -2*s + 82 = -2*l. Calculate the remainder when s is divided by 11.
9
Let t = -2 - -2. Suppose t*m = -3*m + 15. Suppose -5*z = -2*r + r - 53, 54 = 4*z + m*r. Calculate the remainder when 20 is divided by z.
9
Let p = -7 + 7. Suppose 5*b - 2*b - 21 = p. Calculate the remainder when 25 is divided by b.
4
Let t(m) = 7*m**2 - m - 8. Let w(g) = -6*g**2 + g + 7. Let z(n) = -4*t(n) - 5*w(n). Calculate the remainder when z(3) is divided by (-21)/(-6)*36/18.
5
Calculate the remainder when (1 + (-1 - 23))*-2 is divided by 72/(-20)*40/(-12).
10
Suppose 2*y + y - 12 = 0. Let u = 18 - y. Let j = 90 - 65. Calculate the remainder when j is divided by u.
11
Suppose 91 - 71 = 5*p. Suppose -4*r + 2*v = -66, 5*v + p = -2*r + 7. Calculate the remainder when 69 is divided by r.
13
Let h(a) = -a**2 - 7*a + 4. Let g(k) = -k**2 - 6*k + 4. Let w(b) = -5*g(b) + 4*h(b). Calculate the remainder when 4 is divided by w(-4).
0
Suppose -2*z + 5*k - 10 = -46, 2*k = 4. What is the remainder when 43 is divided by z?
20
Calculate the remainder when ((-57)/(-21) - 3) + (-11315)/(-35) is divided by 25.
23
Let x be 10*2/8*4. Suppose 0 = x*w - 5*w. Suppose 4*l - 3 - 21 = w. What is the remainder when 9 is divided by l?
3
Let q(l) = 181*l**2 - 8*l + 14. Calculate the remainder when q(3) is divided by 36.
35
Let d = 7 + -5. Suppose z = -d*z. Suppose 42 = -z*q + 3*q. Calculate the remainder when q is divided by 5.
4
What is the remainder when 34 - 1 - (-13)/(-13) is divided by 17?
15
Let l be 2/(-4 + ((-264)/20)/(-3)). Suppose -4*d - x + 48 = -302, -l*d - 5*x = -445. Calculate the remainder when d is divided by 15.
12
Suppose -3*j + 88 = v + 1, -5*j = -5. Suppose -5*k = -9*k + v. What is the remainder when 23 is divided by (k/6)/((-2)/(-8))?
9
Let i(s) = -2*s**3 + 39*s**2 - 18*s + 42. Calculate the remainder when i(16) is divided by 18.
16
Calculate the remainder when 299 is divided by ((-48)/14)/(12 - 684/56).
11
Let s = 829 + -801. What is the remainder when 1063 is divided by s?
27
Suppose 2*z - z - 102 = -5*t, -5*t = -5*z - 120. Calculate the remainder when 43 is d